140 is divided by 13?
10
Calculate the remainder when 4176 is divided by 21.
18
Calculate the remainder when 100 is divided by 30.
10
Calculate the remainder when 147 is divided by 32.
19
Calculate the remainder when 146 is divided by 134.
12
What is the remainder when 438 is divided by 115?
93
Calculate the remainder when 157 is divided by 39.
1
Calculate the remainder when 1079 is divided by 54.
53
What is the remainder when 3617 is divided by 134?
133
Calculate the remainder when 287 is divided by 74.
65
What is the remainder when 1363 is divided by 39?
37
Calculate the remainder when 106 is divided by 37.
32
What is the remainder when 20 is divided by 5?
0
What is the remainder when 672 is divided by 184?
120
What is the remainder when 150 is divided by 42?
24
Calculate the remainder when 1698 is divided by 27.
24
Calculate the remainder when 70 is divided by 49.
21
What is the remainder when 212 is divided by 60?
32
What is the remainder when 1271 is divided by 46?
29
What is the remainder when 63 is divided by 26?
11
What is the remainder when 74 is divided by 48?
26
What is the remainder when 328 is divided by 55?
53
What is the remainder when 589 is divided by 187?
28
Calculate the remainder when 51 is divided by 11.
7
What is the remainder when 1536 is divided by 767?
2
What is the remainder when 876 is divided by 176?
172
What is the remainder when 215 is divided by 46?
31
Calculate the remainder when 197 is divided by 25.
22
What is the remainder when 169 is divided by 49?
22
Calculate the remainder when 137 is divided by 65.
7
What is the remainder when 34 is divided by 5?
4
Calculate the remainder when 219 is divided by 198.
21
What is the remainder when 167 is divided by 43?
38
Calculate the remainder when 390 is divided by 127.
9
What is the remainder when 17344 is divided by 118?
116
What is the remainder when 386 is divided by 42?
8
Calculate the remainder when 2087 is divided by 72.
71
Calculate the remainder when 66 is divided by 20.
6
What is the remainder when 645 is divided by 93?
87
What is the remainder when 2373 is divided by 1186?
1
Calculate the remainder when 1739 is divided by 1726.
13
What is the remainder when 46 is divided by 18?
10
Calculate the remainder when 129 is divided by 22.
19
What is the remainder when 289 is divided by 225?
64
What is the remainder when 3780 is divided by 44?
40
Calculate the remainder when 766 is divided by 192.
190
What is the remainder when 17687 is divided by 290?
287
What is the remainder when 266 is divided by 38?
0
Calculate the remainder when 458 is divided by 77.
73
What is the remainder when 58 is divided by 11?
3
Calculate the remainder when 5997 is divided by 50.
47
What is the remainder when 643 is divided by 80?
3
Calculate the remainder when 3231 is divided by 20.
11
What is the remainder when 207 is divided by 11?
9
What is the remainder when 22005 is divided by 8?
5
Calculate the remainder when 893 is divided by 25.
18
Calculate the remainder when 693 is divided by 175.
168
Calculate the remainder when 72 is divided by 21.
9
What is the remainder when 6124 is divided by 21?
13
Calculate the remainder when 554 is divided by 235.
84
Calculate the remainder when 40 is divided by 2.
0
Calculate the remainder when 152 is divided by 46.
14
What is the remainder when 214 is divided by 45?
34
What is the remainder when 1318 is divided by 20?
18
Calculate the remainder when 67 is divided by 28.
11
Calculate the remainder when 415 is divided by 75.
40
What is the remainder when 222 is divided by 32?
30
What is the remainder when 136 is divided by 124?
12
Calculate the remainder when 16 is divided by 7.
2
Calculate the remainder when 277 is divided by 62.
29
Calculate the remainder when 88 is divided by 41.
6
Calculate the remainder when 151 is divided by 12.
7
Calculate the remainder when 738 is divided by 5.
3
Calculate the remainder when 872 is divided by 146.
142
Calculate the remainder when 450 is divided by 65.
60
Calculate the remainder when 786 is divided by 37.
9
What is the remainder when 649 is divided by 7?
5
What is the remainder when 120 is divided by 51?
18
Calculate the remainder when 844 is divided by 121.
118
What is the remainder when 530 is divided by 93?
65
Calculate the remainder when 361 is divided by 91.
88
What is the remainder when 1643 is divided by 544?
11
Calculate the remainder when 254 is divided by 78.
20
Calculate the remainder when 1843 is divided by 33.
28
What is the remainder when 1045 is divided by 279?
208
Calculate the remainder when 1036 is divided by 272.
220
Calculate the remainder when 208 is divided by 36.
28
Calculate the remainder when 2900 is divided by 481.
14
What is the remainder when 2398 is divided by 4?
2
Calculate the remainder when 449 is divided by 25.
24
What is the remainder when 443 is divided by 37?
36
Calculate the remainder when 779 is divided by 28.
23
Calculate the remainder when 363 is divided by 115.
18
Calculate the remainder when 28 is divided by 9.
1
Calculate the remainder when 926 is divided by 96.
62
What is the remainder when 94 is divided by 13?
3
What is the remainder when 647 is divided by 305?
37
Calculate the remainder when 441 is divided by 6.
3
What is the remainder when 1445 is divided by 80?
5
What is the remainder when 1798 is divided by 40?
38
Calculate the remainder when 2151 is divided by 1071.
9
What is the remainder when 90 is divided by 18?
0
Calculate the remainder when 361 is divided by 52.
49
Calculate the remainder when 161 is divided by 29.
16
What is the remainder when 202 is divided by 62?
16
Calculate the remainder when 130513 is divided by 134.
131
What is the remainder when 278 is divided by 30?
8
Calculate the remainder when 813 is divided by 19.
15
Calculate the remainder when 1673 is divided by 18.
17
Calculate the remainder when 1972 is divided by 35.
12
What is the remainder when 64 is divided by 42?
22
Calculate the remainder when 325 is divided by 54.
1
Calculate the remainder when 678 is divided by 169.
2
What is the remainder when 9809 is divided by 218?
217
Calculate the remainder when 131 is divided by 52.
27
What is the remainder when 1421 is divided by 75?
71
What is the remainder when 6154 is divided by 27?
25
What is the remainder when 1879 is divided by 57?
55
Calculate the remainder when 374 is divided by 103.
65
Calculate the remainder when 11862 is divided by 17.
13
Calculate the remainder when 590 is divided by 17.
12
What is the remainder when 341 is divided by 38?
37
Calculate the remainder when 232 is divided by 163.
69
Calculate the remainder when 103 is divided by 98.
5
What is the remainder when 50 is divided by 2?
0
What is the remainder when 851 is divided by 7?
4
What is the remainder when 47 is divided by 32?
15
Calculate the remainder when 2239 is divided by 112.
111
What is the remainder when 13295 is divided by 218?
215
What is the remainder when 3222 is divided by 52?
50
Calculate the remainder when 2109 is divided by 96.
93
What is the remainder when 2724 is divided by 109?
108
Calculate the remainder when 597 is divided by 125.
97
What is the remainder when 704 is divided by 1?
0
What is the remainder when 8634 is divided by 454?
8
What is the remainder when 159 is divided by 43?
30
What is the remainder when 36705 is divided by 14?
11
What is the remainder when 353 is divided by 4?
1
What is the remainder when 822 is divided by 25?
22
What is the remainder when 4118 is divided by 3?
2
Calculate the remainder when 7131 is divided by 82.
79
Calculate the remainder when 498 is divided by 20.
18
What is the remainder when 58 is divided by 41?
17
What is the remainder when 301 is divided by 32?
13
Calculate the remainder when 474 is divided by 95.
94
Calculate the remainder when 763 is divided by 17.
15
Calculate the remainder when 370 is divided by 62.
60
Calculate the remainder when 89 is divided by 16.
9
What is the remainder when 2505 is divided by 7?
6
What is the remainder when 536 is divided by 113?
84
What is the remainder when 1132 is divided by 63?
61
Calculate the remainder when 438 is divided by 146.
0
Calculate the remainder when 245 is divided by 71.
32
Calculate the remainder when 642 is divided by 15.
12
What is the remainder wh